atest common factor of v and 1116?
12
Let v(a) = 12*a**3 - 3*a**2. Let w be v(2). Suppose 2*g - 3*g = -2. Let u be ((-14)/g)/((-3)/6). Calculate the highest common factor of w and u.
14
Suppose 2*y = -6*y + 8. Let g be -3 + 2 - (y + -2 + -99). What is the highest common factor of g and 11?
11
Let s be 108/(-378) + (-3406)/(-14). What is the greatest common divisor of 9 and s?
9
Let p be (120/(-42))/(4/(-14)). Suppose -p - 2 = -3*h. Suppose -w = 3*s - 24, 96 = h*w - 0*s - 2*s. What is the greatest common factor of w and 6?
6
Suppose 2*d + 20 = -3*l - 32, 60 = -2*d - l. Let n be 0 + (3 - 4) - -5. Let m = n - d. Calculate the highest common divisor of 90 and m.
18
Let z be (0 - (-17)/4)*4. Let q = 121 + -433. Let v = q + 448. Calculate the highest common divisor of v and z.
17
Let b(w) be the third derivative of -w**4/4 + w**3 - 7*w**2. Let s be b(-3). Calculate the greatest common divisor of 6 and s.
6
Suppose -26*r + 1560 = -13*r. Calculate the highest common divisor of r and 10.
10
Let s = -18 - -48. Calculate the highest common factor of 20 and s.
10
Suppose -4*b - 2*c + 192 = 3*c, -c + 261 = 5*b. Suppose 3*d + b = 86. Calculate the greatest common divisor of 187 and d.
11
Suppose -585 = -5*t - 0*t. Suppose 3*h = -34 + 37. Let i be (h - (-1 - 10)) + 1. What is the greatest common divisor of t and i?
13
Let j be (1 + 3)/(-4) + (-385)/(-7). Calculate the greatest common factor of 4 and j.
2
Suppose 0 = -a - a - 16. Let x = -5 - a. Suppose 0 = -3*v + 9, -x*d = -2*v - 2*v - 123. What is the greatest common factor of 18 and d?
9
Suppose 0 = 13*a + 43 - 719. Let k be (-3 + 14 + 2)*5. What is the highest common factor of k and a?
13
Let d be 4/(-4 + (-135)/(-33)). Suppose -b = 3*b + 4*n - 224, 0 = b + 4*n - d. What is the greatest common factor of b and 24?
12
Let q = 53 + -57. Let j be (-3)/q + 831/12. Let x(n) = n**2 - 8. Let a be x(-6). What is the greatest common divisor of a and j?
14
Let y = 752 - 646. Calculate the highest common divisor of y and 106.
106
Suppose -4*u = -b + 27 - 9, 4*u - 42 = -b. Calculate the greatest common factor of b and 50.
10
Let r be (-11)/(-3) - 2/(-6). Let k(p) = -p**3 - 7*p**2 - 12*p - 4. Let x be k(-6). Calculate the highest common factor of x and r.
4
Suppose -f + 196 = 4*g, 15 = -4*f - 1. What is the greatest common factor of g and 10?
10
Suppose -3*h - 2*a + 196 = 0, 5*h = 58*a - 57*a + 331. Calculate the greatest common divisor of h and 44.
22
Suppose -r + 520 = 5*s, 5*s - 3*r = 2*r + 520. Let b = 183 - s. Suppose -2*i = t - 124, -5*t - b - 5 = -i. What is the highest common factor of i and 8?
8
Let z = -43 - -47. Calculate the greatest common divisor of 164 and z.
4
Suppose 15 = 5*b, 4*u - 3*u - b = 0. Suppose 2*i = -u*j + 80, 0*i = 2*j + 3*i - 55. What is the greatest common factor of 156 and j?
26
Suppose -6*l - 47 = -23. Let p(m) = 12*m**2 + 7*m + 7. Let i be p(l). Calculate the greatest common factor of 114 and i.
57
Let l be 4 - 4 - -13*1. Let f be 44/77 - 5705/(-49). What is the highest common factor of f and l?
13
Suppose 8 = 4*g - 2*j - 2, 3*g - 5 = -j. Suppose 44 = -g*d + 204. What is the highest common factor of 16 and d?
16
Suppose 0 = 4*w + 5*g - 2033, 0*w - 2*g = -2*w + 1030. Calculate the highest common factor of 32 and w.
32
Let o = 10 - 4. Suppose 15 = -y + o*y. Let m be (3 - y/6)*2. What is the highest common divisor of 2 and m?
1
Let z be 2*(-105)/(-14) + 5. What is the highest common divisor of 270 and z?
10
Let o(t) be the second derivative of t**5/20 + 23*t**4/12 + 23*t**3/6 + 29*t**2/2 - 3*t. Let w be o(-22). What is the highest common divisor of w and 28?
7
Suppose -2*q = 4 - 12. Suppose q*h + 3*c - 387 = 0, 26 = -h - 2*c + 119. Calculate the greatest common divisor of 9 and h.
9
Suppose 3*z = -4*r + 84, 0 = 2*r + z + 3*z - 52. Suppose 0 = -4*y - 4*n + 96, -4*y + 3*y + r = 4*n. Calculate the highest common divisor of y and 65.
13
Let f(y) = -y + 1. Let n be f(-4). Suppose -5*q - 57 = -4*q. Let j = q + 82. Calculate the greatest common divisor of n and j.
5
Suppose 18 = 3*v - 3. Let n = v + -7. Suppose 3*f - x - 269 = n, -3*f + f = 5*x - 185. Calculate the highest common factor of 9 and f.
9
Suppose -1714 + 1674 = -4*z. Calculate the greatest common factor of 610 and z.
10
Let s(m) = m + 10. Let k be s(6). Suppose v - 2*v = 0. Let h be (-2 - -114 - v) + 0. What is the greatest common factor of k and h?
16
Suppose 0 = -3*q - 4*o + 33 + 25, -2*o = 3*q - 50. What is the highest common divisor of q and 56?
14
Let w be 1083/4 + -7 - 1/(-4). What is the greatest common factor of 198 and w?
66
Let r(d) = -2*d**2 + 12*d + 10. Let i be r(-8). Let k be 1/6 + i/(-12). What is the greatest common factor of k and 27?
9
Suppose 5*h + 140 = -4*j, 4*h + j = 2*h - 56. Let d = -27 - h. Calculate the greatest common factor of d and 7.
1
Suppose 238 = 3*b - 224. Suppose -4*i = 4*a + 72, i - 5*i - 2*a = 64. Let p be (-192)/i - (-8)/28. What is the greatest common divisor of b and p?
14
Suppose 5*y - 37 = 3*g - 5*g, 3*y + 5*g = 26. Suppose -2*l - y = -37. Suppose p - 2*i - 9 = 11, 4*i - 20 = 0. Calculate the greatest common factor of l and p.
15
Let n(z) = z**3 - 11*z**2 + 31*z - 27. Let a be n(9). What is the greatest common factor of a and 3?
3
Suppose -i - 5*d = -176, 4*i = -7*d + 10*d + 750. What is the greatest common divisor of 24 and i?
6
Let u(s) = 7*s**2 - s - 2. Let r be u(-2). Let q = 7656 + -7614. What is the greatest common divisor of r and q?
14
Let d(a) = -2*a**2 - 41*a - 78. Let x be d(-18). Calculate the highest common factor of x and 424.
4
Let o = 16 - -86. Let u be ((-48)/(-20))/3 - (-81)/5. What is the highest common factor of u and o?
17
Let a = 14 - 6. Let t be (11*-1)/((-2)/a). Let o be (42/28)/((-21)/(-154)). What is the greatest common factor of t and o?
11
Let j = 22 + -14. Suppose -f - 6 = -j. Suppose 11 = f*w - w. What is the highest common divisor of 11 and w?
11
Suppose 9 = f - 0. Suppose -f = 3*z, -2*z = -3*i + 3*z + 63. Suppose 4*y = i, -n + 5*y = 3*n - 100. Calculate the greatest common factor of n and 6.
6
Suppose 99124 = 5*i - 32836. Let b be (-2)/(-10) - i/(-40). Let t be ((-2)/3)/((-2)/b). What is the greatest common factor of 20 and t?
20
Let v be (-1 - 2)/((-25)/((-1500)/(-18))). What is the highest common factor of v and 310?
10
Suppose -4*q - 8 = 3*a, 0*a + 5*q + 9 = -4*a. Suppose 4*p - 2*r + 0*r = 618, -a*p + 615 = r. What is the greatest common factor of 14 and p?
14
Suppose 2*d + 6 = 0, -15*a + 3*d + 1809 = -11*a. Calculate the greatest common factor of 9 and a.
9
Let d(f) = 2*f + 8. Let y be d(-6). Let k be 7452/48 + (-3)/y. Suppose k = -2*s + 8*s. Calculate the highest common divisor of s and 234.
26
Let o be (-2585)/(-20) + 20/(-16). Calculate the greatest common factor of o and 8.
8
Let d = -50 - -98. Let c = 52 - d. What is the greatest common divisor of 6 and c?
2
Let h = -430 + 1266. Let q be (-2)/(-12) + h/24. Let x = q - 19. What is the highest common factor of 40 and x?
8
Let c(j) = -j**2 - j + 4. Let b be c(3). Let a be 55*5/(-25)*b. Calculate the greatest common divisor of 8 and a.
8
Let h(z) = -7*z**2 - 4*z + 1. Let s be h(-2). Let v = s - -40. What is the highest common factor of v and 231?
21
Let j be -5 + (-4)/(-4)*-1. Let p(d) = d - 5. Let f be p(9). Let b be (-61)/j + f/(-24). Calculate the greatest common factor of 4 and b.
2
Suppose -5*d - 26 = 4*h - 9, -5*h + d + 15 = 0. Suppose 4*l - 3*r - 124 = 0, 3*l + h*r - 96 = 5*r. Calculate the highest common factor of l and 224.
28
Suppose 5*v = 3*v + 616. Let y be (6/12)/(2/v). Let g be 11/(-2)*(-11 - -9). What is the highest common divisor of g and y?
11
Let j be 1/(4/38)*(2 + 64). Calculate the greatest common factor of j and 57.
57
Suppose -5*i - 15 = -2*m, -4*m + 5*i = 4*i - 3. Suppose -5*k - 32 + 90 = 4*c, m = 4*k + 8. Calculate the greatest common divisor of c and 34.
17
Let q be (2/3)/((-2)/(-15)). Suppose 0*v + 225 = q*v. What is the greatest common factor of v and 9?
9
Let q(j) = -91*j - 370. Let f be q(-6). Calculate the highest common divisor of 80 and f.
16
Suppose 53 = -f + 5*a, 4*f + 5*a - 41 = -153. Let d = f - -37. What is the highest common divisor of d and 6?
2
Suppose -4*w = -5*g - 91, -2*w = 3*g - 0*g + 59. Let h be g/(-76) - (-859)/4. What is the greatest common divisor of h a